{"id":530,"date":"2014-03-27T22:34:09","date_gmt":"2014-03-27T20:34:09","guid":{"rendered":"http:\/\/www.4morefriends.de\/?page_id=530"},"modified":"2018-11-06T18:30:01","modified_gmt":"2018-11-06T16:30:01","slug":"repertoirereferenzen","status":"publish","type":"page","link":"https:\/\/www.4morefriends.de\/?page_id=530","title":{"rendered":"Repertoire\/Referenzen"},"content":{"rendered":"<p id=\"tfsl-introduction\">Hier findet ihr unsere Repertoireliste. Selbstverst\u00e4ndlich stimmen wir das musikalische Angebot immer auch auf die W\u00fcnsche des Veranstalters und das Publikum ab.<br \/>\r\n<br \/>\r\nSollte es spezielle W\u00fcnsche geben, einfach Kontakt aufnehmen. Wir schauen dann, ob wir es nicht m\u00f6glich machen k\u00f6nnen.<br \/>\r\n<\/p>\n<div id=\"tfsl-wrapper\">\n<table id=\"tf-song-list\">\n<tbody id=\"tfsl-the-list\">\n<tr class=\"new-first-letter\" id=\"$order\"><td class=\"col1\">500 Miles<\/td><td class=\"col2\">The Proclaimers<\/td><\/tr>\n<tr class=\"new-first-letter\" id=\"$order\"><td class=\"col1\">7 nations army<\/td><td class=\"col2\">The white stripes<\/td><\/tr>\n<tr class=\"new-first-letter\" id=\"$order\"><td class=\"col1\">A night like this<\/td><td class=\"col2\">Caro Emerald<\/td><\/tr>\n<tr id=\"$order\"><td class=\"col1\">Achy breaky heart<\/td><td class=\"col2\">Billy Ray Cyrus<\/td><\/tr>\n<tr id=\"$order\"><td class=\"col1\">Aint nobody<\/td><td class=\"col2\">Chaka Khan<\/td><\/tr>\n<tr id=\"$order\"><td class=\"col1\">Always look on the bright side of Life<\/td><td class=\"col2\">Eric Idle<\/td><\/tr>\n<tr id=\"$order\"><td class=\"col1\">An Tagen wie diese<\/td><td class=\"col2\">Die Toten Hosen<\/td><\/tr>\n<tr id=\"$order\"><td class=\"col1\">Angels<\/td><td class=\"col2\">Robbie Williams<\/td><\/tr>\n<tr id=\"$order\"><td class=\"col1\">Atemlos<\/td><td class=\"col2\">Helene Fischer<\/td><\/tr>\n<tr id=\"$order\"><td class=\"col1\">Auf uns<\/td><td class=\"col2\">Andreas Bourani<\/td><\/tr>\n<tr class=\"new-first-letter\" id=\"$order\"><td class=\"col1\">Bella ciao<\/td><td class=\"col2\">El Profesor<\/td><\/tr>\n<tr id=\"$order\"><td class=\"col1\">Billy Jean<\/td><td class=\"col2\">Michael Jackson<\/td><\/tr>\n<tr id=\"$order\"><td class=\"col1\">Born to be wild_I was made for loving you_Satisfaction<\/td><td class=\"col2\">diverse<\/td><\/tr>\n<tr class=\"new-first-letter\" id=\"$order\"><td class=\"col1\">Chipsy King Medley<\/td><td class=\"col2\">Chipsy Kings<\/td><\/tr>\n<tr id=\"$order\"><td class=\"col1\">Crazy<\/td><td class=\"col2\">Gnarls Barkley<\/td><\/tr>\n<tr id=\"$order\"><td class=\"col1\">Crazy little thing called love<\/td><td class=\"col2\">Queen<\/td><\/tr>\n<tr class=\"new-first-letter\" id=\"$order\"><td class=\"col1\">Dance Monkey<\/td><td class=\"col2\">Tones and I<\/td><\/tr>\n<tr id=\"$order\"><td class=\"col1\">Dance with somebody<\/td><td class=\"col2\">Mando Diao<\/td><\/tr>\n<tr id=\"$order\"><td class=\"col1\">Don&#039;t stop believing<\/td><td class=\"col2\">Journey<\/td><\/tr>\n<tr id=\"$order\"><td class=\"col1\">Don&acute;t be cruel<\/td><td class=\"col2\">Elvis Presley<\/td><\/tr>\n<tr class=\"new-first-letter\" id=\"$order\"><td class=\"col1\">Englishman in New York<\/td><td class=\"col2\">Sting<\/td><\/tr>\n<tr id=\"$order\"><td class=\"col1\">Every breath you take<\/td><td class=\"col2\">The Police<\/td><\/tr>\n<tr id=\"$order\"><td class=\"col1\">Eye of the tiger<\/td><td class=\"col2\">Survivor<\/td><\/tr>\n<tr class=\"new-first-letter\" id=\"$order\"><td class=\"col1\">Flowers<\/td><td class=\"col2\">Miley Cyrus<\/td><\/tr>\n<tr id=\"$order\"><td class=\"col1\">Follow me<\/td><td class=\"col2\">Uncle Cracker<\/td><\/tr>\n<tr class=\"new-first-letter\" id=\"$order\"><td class=\"col1\">Get the party started<\/td><td class=\"col2\">Dick Brave &amp; The Backbeats<\/td><\/tr>\n<tr id=\"$order\"><td class=\"col1\">Girls wanna have fun<\/td><td class=\"col2\">Cindy Lauper<\/td><\/tr>\n<tr class=\"new-first-letter\" id=\"$order\"><td class=\"col1\">Happy<\/td><td class=\"col2\">Pharell Williams<\/td><\/tr>\n<tr id=\"$order\"><td class=\"col1\">Have you ever seen<\/td><td class=\"col2\">CCR<\/td><\/tr>\n<tr id=\"$order\"><td class=\"col1\">Here I go again<\/td><td class=\"col2\">Whitesnake<\/td><\/tr>\n<tr id=\"$order\"><td class=\"col1\">Highway To Hell<\/td><td class=\"col2\">AC\/DC<\/td><\/tr>\n<tr id=\"$order\"><td class=\"col1\">Hold back the river<\/td><td class=\"col2\">James Bay<\/td><\/tr>\n<tr id=\"$order\"><td class=\"col1\">Honky Tonk Woman<\/td><td class=\"col2\">The Rolling Stones<\/td><\/tr>\n<tr class=\"new-first-letter\" id=\"$order\"><td class=\"col1\">I love Rock and Roll<\/td><td class=\"col2\">Joan Jett &amp; the Blackhearts<\/td><\/tr>\n<tr id=\"$order\"><td class=\"col1\">I wanna dance with somebody<\/td><td class=\"col2\">Whitney Houston<\/td><\/tr>\n<tr id=\"$order\"><td class=\"col1\">I want to break free<\/td><td class=\"col2\">Queen<\/td><\/tr>\n<tr id=\"$order\"><td class=\"col1\">I want you to want me<\/td><td class=\"col2\">Cheap Trick<\/td><\/tr>\n<tr id=\"$order\"><td class=\"col1\">I will survive<\/td><td class=\"col2\">Gloria Gaynor<\/td><\/tr>\n<tr id=\"$order\"><td class=\"col1\">Imagine<\/td><td class=\"col2\">John Lennon<\/td><\/tr>\n<tr id=\"$order\"><td class=\"col1\">Its my life<\/td><td class=\"col2\">Bon Jovi<\/td><\/tr>\n<tr id=\"$order\"><td class=\"col1\">Its raining men<\/td><td class=\"col2\">Weather Girls<\/td><\/tr>\n<tr id=\"$order\"><td class=\"col1\">It&acute;s so easy to fall in love<\/td><td class=\"col2\">Linda Rondstadt<\/td><\/tr>\n<tr id=\"$order\"><td class=\"col1\">I`m gonna be<\/td><td class=\"col2\">The Proclaimers<\/td><\/tr>\n<tr class=\"new-first-letter\" id=\"$order\"><td class=\"col1\">Knocking on heavens door<\/td><td class=\"col2\">Bob Dylan<\/td><\/tr>\n<tr class=\"new-first-letter\" id=\"$order\"><td class=\"col1\">La Bamba\/Twist n Shout<\/td><td class=\"col2\">Richie Valens<\/td><\/tr>\n<tr id=\"$order\"><td class=\"col1\">Let her go<\/td><td class=\"col2\">Passenger<\/td><\/tr>\n<tr id=\"$order\"><td class=\"col1\">Let it be<\/td><td class=\"col2\">The Beatles<\/td><\/tr>\n<tr id=\"$order\"><td class=\"col1\">Lets Have A Party<\/td><td class=\"col2\">Wanda Jackson<\/td><\/tr>\n<tr id=\"$order\"><td class=\"col1\">Like The Way I Do<\/td><td class=\"col2\">Melissa Etheridge<\/td><\/tr>\n<tr id=\"$order\"><td class=\"col1\">Livin on a prayer<\/td><td class=\"col2\">Bon Jovi<\/td><\/tr>\n<tr id=\"$order\"><td class=\"col1\">Long train running<\/td><td class=\"col2\">Doobie Brothers<\/td><\/tr>\n<tr class=\"new-first-letter\" id=\"$order\"><td class=\"col1\">Mamma Mia<\/td><td class=\"col2\">Abba<\/td><\/tr>\n<tr id=\"$order\"><td class=\"col1\">Mysterious girl<\/td><td class=\"col2\">Peter Andr&eacute;<\/td><\/tr>\n<tr class=\"new-first-letter\" id=\"$order\"><td class=\"col1\">No woman no cry<\/td><td class=\"col2\">Bob Marley<\/td><\/tr>\n<tr id=\"$order\"><td class=\"col1\">Not the only one<\/td><td class=\"col2\">Sam Smith<\/td><\/tr>\n<tr class=\"new-first-letter\" id=\"$order\"><td class=\"col1\">Old time rock _n _roll<\/td><td class=\"col2\">Bob Seger<\/td><\/tr>\n<tr class=\"new-first-letter\" id=\"$order\"><td class=\"col1\">Perfect<\/td><td class=\"col2\">Fairground Attraction<\/td><\/tr>\n<tr id=\"$order\"><td class=\"col1\">Piu bella cosa<\/td><td class=\"col2\">Eros Ramazotti<\/td><\/tr>\n<tr id=\"$order\"><td class=\"col1\">Pretty Woman<\/td><td class=\"col2\">Roy Orbison<\/td><\/tr>\n<tr id=\"$order\"><td class=\"col1\">Price tag<\/td><td class=\"col2\">Jessi J<\/td><\/tr>\n<tr id=\"$order\"><td class=\"col1\">Proud Mary<\/td><td class=\"col2\">Tina Turner<\/td><\/tr>\n<tr class=\"new-first-letter\" id=\"$order\"><td class=\"col1\">Respect<\/td><td class=\"col2\">Aritha Franklin<\/td><\/tr>\n<tr id=\"$order\"><td class=\"col1\">Rolling in the deep<\/td><td class=\"col2\">Adele<\/td><\/tr>\n<tr class=\"new-first-letter\" id=\"$order\"><td class=\"col1\">Satisfaction<\/td><td class=\"col2\">The Rolling Stones<\/td><\/tr>\n<tr id=\"$order\"><td class=\"col1\">Save Tonight<\/td><td class=\"col2\">Eagle Eye Cherry<\/td><\/tr>\n<tr id=\"$order\"><td class=\"col1\">Schlagermedley<\/td><td class=\"col2\">diverse<\/td><\/tr>\n<tr id=\"$order\"><td class=\"col1\">Shallow<\/td><td class=\"col2\">Lady Gaga, Bradley Cooper<\/td><\/tr>\n<tr id=\"$order\"><td class=\"col1\">Shook me all night long<\/td><td class=\"col2\">The Rolling Stones<\/td><\/tr>\n<tr id=\"$order\"><td class=\"col1\">Shut up and Dance<\/td><td class=\"col2\">Walk the moon<\/td><\/tr>\n<tr id=\"$order\"><td class=\"col1\">Simply the best<\/td><td class=\"col2\">Tina Turner<\/td><\/tr>\n<tr id=\"$order\"><td class=\"col1\">So excited<\/td><td class=\"col2\">Pointed Sisters<\/td><\/tr>\n<tr id=\"$order\"><td class=\"col1\">Someone like you<\/td><td class=\"col2\">Adele<\/td><\/tr>\n<tr id=\"$order\"><td class=\"col1\">Somethings got a hold on you<\/td><td class=\"col2\">Etta James<\/td><\/tr>\n<tr id=\"$order\"><td class=\"col1\">Son of a preacher man<\/td><td class=\"col2\">Dusty Springfield<\/td><\/tr>\n<tr id=\"$order\"><td class=\"col1\">Stand by me<\/td><td class=\"col2\">Ben E. King<\/td><\/tr>\n<tr id=\"$order\"><td class=\"col1\">Still got the blues<\/td><td class=\"col2\">Gary Moore<\/td><\/tr>\n<tr id=\"$order\"><td class=\"col1\">Stumblin&acute;in<\/td><td class=\"col2\">Chris Norman \/ Suzy Quatro<\/td><\/tr>\n<tr id=\"$order\"><td class=\"col1\">Sultans of swing<\/td><td class=\"col2\">Dire Straits<\/td><\/tr>\n<tr id=\"$order\"><td class=\"col1\">Summer of 69<\/td><td class=\"col2\">Bryan Adams<\/td><\/tr>\n<tr id=\"$order\"><td class=\"col1\">Sunshine Reggae<\/td><td class=\"col2\">Bob Marley<\/td><\/tr>\n<tr id=\"$order\"><td class=\"col1\">Sweet Home Alabama<\/td><td class=\"col2\">Lynard Skynard<\/td><\/tr>\n<tr class=\"new-first-letter\" id=\"$order\"><td class=\"col1\">Tainted Love<\/td><td class=\"col2\">Soft Cell<\/td><\/tr>\n<tr id=\"$order\"><td class=\"col1\">Thats alright mama<\/td><td class=\"col2\">Elvis Presley<\/td><\/tr>\n<tr id=\"$order\"><td class=\"col1\">The boxer\/Lady in black Medley<\/td><td class=\"col2\">Simon &amp; Garfunkel\/Uriah Heep<\/td><\/tr>\n<tr id=\"$order\"><td class=\"col1\">The Joker<\/td><td class=\"col2\">Steve Miller<\/td><\/tr>\n<tr id=\"$order\"><td class=\"col1\">The Look<\/td><td class=\"col2\">Roxette<\/td><\/tr>\n<tr id=\"$order\"><td class=\"col1\">The Passenger<\/td><td class=\"col2\">Iggy Pop<\/td><\/tr>\n<tr id=\"$order\"><td class=\"col1\">These boots are made for walking\/Hit the road jack (Medley)<\/td><td class=\"col2\">diverse<\/td><\/tr>\n<tr id=\"$order\"><td class=\"col1\">TNT<\/td><td class=\"col2\">AC\/DC<\/td><\/tr>\n<tr class=\"new-first-letter\" id=\"$order\"><td class=\"col1\">Under Pressure<\/td><td class=\"col2\">Queen<\/td><\/tr>\n<tr class=\"new-first-letter\" id=\"$order\"><td class=\"col1\">Walk of life<\/td><td class=\"col2\">Dire Straits<\/td><\/tr>\n<tr id=\"$order\"><td class=\"col1\">Waterfall<\/td><td class=\"col2\">DJ R3hab \/ Michael Schulte<\/td><\/tr>\n<tr id=\"$order\"><td class=\"col1\">Waterloo<\/td><td class=\"col2\">Abba<\/td><\/tr>\n<tr id=\"$order\"><td class=\"col1\">Watermelon sugar<\/td><td class=\"col2\">Harry Styles<\/td><\/tr>\n<tr id=\"$order\"><td class=\"col1\">Westerland<\/td><td class=\"col2\">Die Aerzte<\/td><\/tr>\n<tr id=\"$order\"><td class=\"col1\">Whats up<\/td><td class=\"col2\">4 Non Blondes<\/td><\/tr>\n<tr id=\"$order\"><td class=\"col1\">Wild world<\/td><td class=\"col2\">Mr. Big<\/td><\/tr>\n<tr id=\"$order\"><td class=\"col1\">With or without you<\/td><td class=\"col2\">U2<\/td><\/tr>\n<tr id=\"$order\"><td class=\"col1\">Wonderwall<\/td><td class=\"col2\">Oasis<\/td><\/tr>\n<tr class=\"new-first-letter\" id=\"$order\"><td class=\"col1\">You shook me all night long<\/td><td class=\"col2\">ACDC<\/td><\/tr>\n<tr class=\"new-first-letter\" id=\"$order\"><td class=\"col1\">Zombie<\/td><td class=\"col2\">The cranberries<\/td><\/tr>\n<\/tbody><!-- #tfsl-the-list -->\n<\/table><!-- #tf-song-list -->\n<\/div><!-- #tfsl-wrapper -->\n","protected":false},"excerpt":{"rendered":"","protected":false},"author":1,"featured_media":0,"parent":0,"menu_order":4,"comment_status":"closed","ping_status":"closed","template":"","meta":{"_monsterinsights_skip_tracking":false,"_monsterinsights_sitenote_active":false,"_monsterinsights_sitenote_note":"","_monsterinsights_sitenote_category":0,"footnotes":""},"_links":{"self":[{"href":"https:\/\/www.4morefriends.de\/index.php?rest_route=\/wp\/v2\/pages\/530"}],"collection":[{"href":"https:\/\/www.4morefriends.de\/index.php?rest_route=\/wp\/v2\/pages"}],"about":[{"href":"https:\/\/www.4morefriends.de\/index.php?rest_route=\/wp\/v2\/types\/page"}],"author":[{"embeddable":true,"href":"https:\/\/www.4morefriends.de\/index.php?rest_route=\/wp\/v2\/users\/1"}],"replies":[{"embeddable":true,"href":"https:\/\/www.4morefriends.de\/index.php?rest_route=%2Fwp%2Fv2%2Fcomments&post=530"}],"version-history":[{"count":2,"href":"https:\/\/www.4morefriends.de\/index.php?rest_route=\/wp\/v2\/pages\/530\/revisions"}],"predecessor-version":[{"id":1162,"href":"https:\/\/www.4morefriends.de\/index.php?rest_route=\/wp\/v2\/pages\/530\/revisions\/1162"}],"wp:attachment":[{"href":"https:\/\/www.4morefriends.de\/index.php?rest_route=%2Fwp%2Fv2%2Fmedia&parent=530"}],"curies":[{"name":"wp","href":"https:\/\/api.w.org\/{rel}","templated":true}]}}